4 - 4*n**3/3 - 2*n**2 - 3*n + 12. What is p(o)?
13
Let u(y) = 8*y**3 - 7*y**2 + 2*y - 6. Let v(p) = -23*p**3 + 20*p**2 - 6*p + 17. Let o(i) = -17*u(i) - 6*v(i). Calculate o(2).
16
Let c(k) = -6*k**3 + k**2. Let d be c(-1). Let t(n) = n**3 - 3*n**2 + 2. Let v be t(3). Suppose -v = w - d. Let u(s) = s**3 - 6*s**2 + 4*s + 4. What is u(w)?
-1
Let z(n) = n + 1. Let g be (-8)/4 - (-4)/(1 - 0). What is z(g)?
3
Let n(r) be the first derivative of 1/2*r**2 - 4/3*r**3 + r + 1. Determine n(-1).
-4
Let j(u) = u**3 - 5*u**2 + 5*u + 2. Let y(t) = t**2 - t + 1. Let x(b) = j(b) + 5*y(b). Let m be 1 - -3 - (3 + 1). Determine x(m).
7
Let k(f) = f**3 - 3*f**2 + 2*f + 2. Let s be k(2). Let y(m) = m**2 - 3*m + 2*m - 5*m**s. Give y(1).
-5
Let h(p) = p**3 + 2*p**2 - 7*p - 6. Let s = -1 - 3. Determine h(s).
-10
Let n be (8/6)/(4/6). Let m(i) be the second derivative of -i**6/360 - i**4/4 + i. Let y(v) be the third derivative of m(v). Determine y(n).
-4
Let p(h) = -h**2 - 5*h - 5. Suppose -5*b + 16 = -2*v, v - 3 = -2*b - b. Suppose 5*z - 17 = -b*y - 7, -z = 4*y + 16. Determine p(y).
-5
Suppose 12 = 4*y, -6 + 0 = 4*x - 2*y. Let k(s) = -s - 3. Determine k(x).
-3
Let z(x) = -1 + 1 - 7 + x. Calculate z(9).
2
Let v(i) = 3*i**3 + 5*i**2 - 4. Let p(x) = -10*x**3 - 16*x**2 + 13. Let a(b) = -2*p(b) - 7*v(b). What is a(-2)?
-2
Let m(l) = -2*l**3 + 145 + l + 3*l**2 - 147 - 3*l. Determine m(2).
-10
Suppose -4*q - y = -6, 4*y = -5*q - 0 + 2. Let i(b) = 2*b**3 - 2*b**2 + 2. What is i(q)?
10
Let s(j) = -2*j - 7. Suppose -4*m + 2*m = -2. Let g = -6 + m. Calculate s(g).
3
Let d be (-1)/(-4) + 12/16. Let i = 0 + d. Let w(g) be the third derivative of g**4/8 + g**2. What is w(i)?
3
Let t(u) = 4*u + 0 - 6*u + 1. Give t(-1).
3
Let g(p) = p + 6. Let l be 36/(-15) + 2 - 13/5. What is g(l)?
3
Let z(a) = -153*a. Let m(l) = -11*l. Let s(y) = 85*m(y) - 6*z(y). Determine s(1).
-17
Let y be (-235)/(-45) - (-6)/(-27). Let g(c) = -3*c**2 + 3 - 5*c + 7*c**2 - y*c**2. Determine g(-4).
7
Let i = -2 + -2. Let z(v) be the third derivative of v**5/60 + v**4/8 - v**3/6 - v**2. Calculate z(i).
3
Let f(i) = i**2 + 7*i - 8. Let c be (-7)/((1 - 0)/1). Calculate f(c).
-8
Let o(w) = -w**2 + 3*w - 2. Let d be 14/6 - 6/(-9). Give o(d).
-2
Let i(l) = 2*l**2 - 1. Let w be i(1). Let h be -3 + 3 + (1 - w). Let n(b) be the first derivative of b**2/2 + 12*b + 6. Calculate n(h).
12
Suppose -30 = 23*a - 13*a. Let m(j) = -2*j + 2. Determine m(a).
8
Let o(u) = -u**2 + 7*u + 4. Let n be o(7). Suppose 0 = 2*r + n*c + 28, c + 17 = -0*r - 3*r. Let s(f) = f + 4. Give s(r).
0
Let m(x) = -x**2 - 5*x + 2. Let g be m(-5). Let k(p) = p**3 + g + 5*p + 5*p**2 + 0*p - 1 + 0. Determine k(-4).
-3
Let j be (5/(-2))/(3/6). Let m(a) = 4*a**2 - 7*a - 3. Let w(k) = 3*k**2 - 7*k - 3. Let y(t) = j*w(t) + 4*m(t). Determine y(-5).
-7
Let i(x) = -2*x**2 - 5 + 11*x**2 + 6. Give i(-1).
10
Let j(y) = 6*y**2 + 6*y - 3. Let c(f) = 5*f**2 + 5*f - 2. Let t(h) = 7*c(h) - 6*j(h). What is t(4)?
-16
Let m(y) be the second derivative of -y**4/12 - y**3/6 + 2*y**2 + y. Suppose 9*t + 20 = 4*t. Calculate m(t).
-8
Let c(l) = -4 + 0*l**2 - l**2 - 1 - 7*l. Suppose 2*a = -a - g, 3*g = 2*a. Suppose -15 = -a*n + 4*n - 5*d, 4*d + 4 = 0. Give c(n).
5
Let z(m) be the first derivative of -3*m**2/2 - m - 1. Suppose -2*a - 3 = b, 5*b + 5*a - 2*a - 6 = 0. Let i be 4*(-3)/(-18)*b. Calculate z(i).
-7
Let d(v) = v**2 - 6*v + 3. Suppose 3*b - 2 - 13 = 0. What is d(b)?
-2
Let m(s) = s - 6. Let d = 3 - -3. Determine m(d).
0
Let s(n) = -2 + 2 - 1 + n - n**2 + n**3. Let h(u) = -u**2 - 4*u + 2. Suppose i + 0*i + 4 = 0. Let q be h(i). Give s(q).
5
Let d(x) = -x**3 - 6*x**2 - 4*x + 7. Let l be d(-5). Let v(s) = -s**3 - 3*s**2 + 3*s - 3. What is v(l)?
-17
Let b = -6 - -7. Let c = b - -2. Let u(v) = v**3 - 3*v**2 - 3*v + 1. Give u(c).
-8
Let s(w) be the second derivative of w**4/6 - w**3/3 + w**2/2 + 9*w. Suppose 5*v - 13 = -3. Calculate s(v).
5
Let l(m) = -m**3 + 2*m + 2. Suppose -v = -6*v + 5*t - 30, -3*t + 12 = 0. Give l(v).
6
Let d(o) = 2*o - 7. Let u be d(6). Let a(h) be the third derivative of h**6/120 - h**5/10 + h**4/6 - h**3/6 - 2*h**2 + 19. Calculate a(u).
-6
Let a(t) = -t**2 + 3. Let k be a(0). Suppose 0*n + n = 0. Let m(h) = -4 + n*h + k*h - 4*h. Determine m(0).
-4
Let f(m) = m**2 - 14*m + 17. Let p = -12 - -24. Let x be f(p). Let k(r) = 2*r + 6. Calculate k(x).
-8
Let j(i) be the third derivative of -i**8/6720 + i**7/2520 - i**4/8 + i**2. Let z(h) be the second derivative of j(h). Calculate z(2).
-4
Let q(n) = n + 13. Let v(c) = -3*c - 38. Let b(i) = -7*q(i) - 2*v(i). Let s be b(-12). Let g(o) = -o**3 - 2*o**2 + 3*o + 1. Give g(s).
1
Let q(b) = -b**3 - 4*b**2 - 1 + 3 + 1 - 5 - 3*b. Determine q(-4).
10
Let f be 31/6 + (-1)/6. Let c(r) = f*r + 0*r - 3 - 9*r. Give c(-4).
13
Suppose o + 6 = -2*b + 14, -4 = o. Let m(z) = -z**2 + 10*z - 7. Determine m(b).
17
Let v(m) = 2*m**3 + 3*m**2 - 4*m - 3. Let q(c) = 3*c**3 + 5*c**2 - 7*c - 5. Let d(b) = 3*q(b) - 5*v(b). Give d(-1).
2
Let y(l) be the third derivative of l**5/60 + l**4/8 - 2*l**3/3 - 4*l**2. Let n(r) be the first derivative of y(r). Let t = 1 - 3. Give n(t).
-1
Let i(x) = -4*x**3 + x**2 - x - 1. Let u be i(-1). Let f(m) = m**3 - 4*m**2 - 5*m - 5. Give f(u).
-5
Suppose -4*o + 1 = 9. Let q(d) = d + 383 - 767 + 383 + 2*d**2. Give q(o).
5
Let b(l) = -11*l**3 - 6*l**2 - 2*l - 14. Let o(c) = 4*c**3 + 2*c**2 + c + 5. Let n(g) = -3*b(g) - 8*o(g). Determine n(-3).
-1
Let i = 7 + -3. Let x(b) be the second derivative of -5*b**3/6 + b**2/2 + b. Let g(p) = p + 1. Let s(n) = 3*g(n) + x(n). Give s(i).
-4
Suppose 0 = 5*t - 0*t - 25. Let k(s) = -1 + 1 - t*s. Let m = 1 + -2. What is k(m)?
5
Let b(z) = -z + 8. Let i be (-228)/(-36) - (-1 + (-8)/(-6)). Determine b(i).
2
Let t(z) = -5*z**2 - 9*z + 5. Let j(c) = -2*c**2 - 4*c + 2. Let u(a) = -7*j(a) + 3*t(a). Give u(-1).
-1
Let r(u) = -u - 24. Let p be r(-19). Let k(y) be the second derivative of y**4/12 + 5*y**3/6 - 5*y**2/2 + y. Give k(p).
-5
Let o(r) be the first derivative of -r**2/2 - 10*r - 101. Let n be (-54)/10 + 2/5. Give o(n).
-5
Let g = -7 + 19. Suppose -4*c + 0 = g. Let f(y) = y**3 + 5*y**2 + 3*y - 2. What is f(c)?
7
Let q(s) be the second derivative of -4*s**3/3 - s. Determine q(-1).
8
Suppose -2*r - 24 = 2*r. Let u(v) = -6*v - 27. Let k(b) = 3*b + 14. Let j(m) = 11*k(m) + 6*u(m). What is j(r)?
10
Let n(z) be the second derivative of -z**5/10 + z**2 - 5*z. Calculate n(2).
-14
Let w = 2 - 5. Let g = w + 6. Let l(i) = g - 7 + 5*i**3 + 3. What is l(1)?
4
Let g(l) = 6 + l**2 - 11*l + l**3 + 11*l. Suppose -5*h - 4*i = -8, 0 = -5*h - 0*i + i - 2. Calculate g(h).
6
Let a be 2*(-2 - 10/(-4)). Let y be (-3 + 2)*(a - 2). Let h(o) = 1 + o + 0*o - 2 + 0. Calculate h(y).
0
Let a(v) = -6*v**2 + 7*v**2 + 8*v**2. Let y(k) = -k**2 + 7*k - 3. Let t be y(6). Suppose 1 = -t*s - 4*w + 3*w, 2*s + 2*w = 2. Determine a(s).
9
Let u(j) be the third derivative of j**9/60480 + j**8/4032 + j**7/5040 + j**6/144 + j**5/60 - j**2. Let i(b) be the third derivative of u(b). Calculate i(-5).
0
Let w = 3 + -4. Let i(x) = x**2 - x**3 - 2*x**3 + 2*x**3. Determine i(w).
2
Suppose 0 = 2*q + 2*q + 16. Let p(s) be the third derivative of -s**5/60 - 5*s**4/24 + s**2. Calculate p(q).
4
Let m(i) be the first derivative of i**3/3 + i**2/2 + 3*i - 2. Let t(w) be the first derivative of m(w). Determine t(-4).
-7
Let r = 14 + 6. Suppose 2*z - r = -3*z. Let t(y) be the third derivative of -y**5/60 + y**4/12 + 5*y**3/6 + y**2. Determine t(z).
-3
Let r be -1*(-1 - 0 - -2). Let b be 1*(-8)/4*r. Let p(q) = 2*q**3 - 4*q**2 + 2*q. What is p(b)?
4
Let t(k) = k**3 - 3*k**2 + 2*k. Let c(w) = w**2 - 4*w - 12. Let o be c(6). Suppose 0 = 4*p - o - 8. Calculate t(p).
0
Let q(t) = t**2 + 3*t + 1. Let o be 2 + (-1 - (-3)/3). Suppose -5*d - 12 = -o. What is q(d)?
-1
Let w(p) be the third derivative of 4*p**2 + 0*p + 0 - 1/6*p**3 + 7/24*p**4. What is w(1)?
6
Let q(d) be the first derivative of d**4/4 + d**3 + 2*d**2 + 3*d + 13. Determine q(-2).
-1
Let v(j) = -j**2 + 4*j + 4. Let t(d) = -d**2 + 16*d + 36. Let h be t(18). Suppose 3*z = 4*i + 19, -2*z + 8 = 4*i - 2*i. Let w be (h - 2)*i*2. Give v(w).
4
Let i(d) = 367*d - 183*d - d**3 + 5 - 6*d**2 - 188*d. Give i(-4).
-11
Let p(c) = 9*c + 1. Let r = -59 - -60. Give p(r).
10
Let v(m) = 3*m**2 - m + 